{"id":2531,"date":"2021-08-03T15:03:11","date_gmt":"2021-08-03T15:03:11","guid":{"rendered":"https:\/\/fleurs-guadeloupe.com\/index.php\/produit\/paix-gerbe-piquee\/"},"modified":"2025-06-05T09:34:55","modified_gmt":"2025-06-05T13:34:55","slug":"paix-gerbe-piquee","status":"publish","type":"product","link":"https:\/\/fleurs-guadeloupe.com\/index.php\/produit\/paix-gerbe-piquee\/","title":{"rendered":"Paix &#8211; Gerbe piqu\u00e9e"},"content":{"rendered":"<p>Gerbe piqu\u00e9e comprenant des alpinias rouges, roses et blancs, des h\u00e9liconias, des roses de porcelaine et du feuillage vari\u00e9.<\/p>\n","protected":false},"excerpt":{"rendered":"<p>Gerbe piqu\u00e9e de fleurs tropicales<\/p>\n","protected":false},"featured_media":2661,"comment_status":"open","ping_status":"closed","template":"","meta":{"om_disable_all_campaigns":false,"_uag_custom_page_level_css":"","_monsterinsights_skip_tracking":false,"_monsterinsights_sitenote_active":false,"_monsterinsights_sitenote_note":"","_monsterinsights_sitenote_category":0,"_uf_show_specific_survey":0,"_uf_disable_surveys":false},"product_brand":[],"product_cat":[88,181,83],"product_tag":[149,112,98,151,99,150,100,97,96,116,148],"class_list":{"0":"post-2531","1":"product","2":"type-product","3":"status-publish","4":"has-post-thumbnail","6":"product_cat-deuils-nos-fleurs","7":"product_cat-fleurs-tropicales","8":"product_cat-home","9":"product_tag-antilles","10":"product_tag-couronne","11":"product_tag-deuils","12":"product_tag-fleurs-du-pays","13":"product_tag-fleurs-exotiques","14":"product_tag-fleurs-locales","15":"product_tag-fleurs-tropicales","16":"product_tag-guadeloupe","17":"product_tag-livraison","18":"product_tag-livraison-de-fleurs","19":"product_tag-raquette","20":"notblog","22":"first","23":"instock","24":"taxable","25":"shipping-taxable","26":"purchasable","27":"product-type-simple"},"aioseo_notices":[],"uagb_featured_image_src":{"full":["https:\/\/fleurs-guadeloupe.com\/wp-content\/uploads\/2021\/08\/319-thickbox_default-Paix-Gerbe-piquee97787_nobg.png",800,800,false],"thumbnail":["https:\/\/fleurs-guadeloupe.com\/wp-content\/uploads\/2021\/08\/319-thickbox_default-Paix-Gerbe-piquee97787_nobg-150x150.png",150,150,true],"medium":["https:\/\/fleurs-guadeloupe.com\/wp-content\/uploads\/2021\/08\/319-thickbox_default-Paix-Gerbe-piquee97787_nobg-300x300.png",300,300,true],"medium_large":["https:\/\/fleurs-guadeloupe.com\/wp-content\/uploads\/2021\/08\/319-thickbox_default-Paix-Gerbe-piquee97787_nobg-768x768.png",768,768,true],"large":["https:\/\/fleurs-guadeloupe.com\/wp-content\/uploads\/2021\/08\/319-thickbox_default-Paix-Gerbe-piquee97787_nobg.png",800,800,false],"1536x1536":["https:\/\/fleurs-guadeloupe.com\/wp-content\/uploads\/2021\/08\/319-thickbox_default-Paix-Gerbe-piquee97787_nobg.png",800,800,false],"2048x2048":["https:\/\/fleurs-guadeloupe.com\/wp-content\/uploads\/2021\/08\/319-thickbox_default-Paix-Gerbe-piquee97787_nobg.png",800,800,false],"magikCreta-article-home-large":["https:\/\/fleurs-guadeloupe.com\/wp-content\/uploads\/2021\/08\/319-thickbox_default-Paix-Gerbe-piquee97787_nobg-800x450.png",800,450,true],"magikCreta-product-size-large":["https:\/\/fleurs-guadeloupe.com\/wp-content\/uploads\/2021\/08\/319-thickbox_default-Paix-Gerbe-piquee97787_nobg-277x366.png",277,366,true],"mailpoet_newsletter_max":["https:\/\/fleurs-guadeloupe.com\/wp-content\/uploads\/2021\/08\/319-thickbox_default-Paix-Gerbe-piquee97787_nobg.png",800,800,false],"woocommerce_thumbnail":["https:\/\/fleurs-guadeloupe.com\/wp-content\/uploads\/2021\/08\/319-thickbox_default-Paix-Gerbe-piquee97787_nobg-300x300.png",300,300,true],"woocommerce_single":["https:\/\/fleurs-guadeloupe.com\/wp-content\/uploads\/2021\/08\/319-thickbox_default-Paix-Gerbe-piquee97787_nobg-600x600.png",600,600,true],"woocommerce_gallery_thumbnail":["https:\/\/fleurs-guadeloupe.com\/wp-content\/uploads\/2021\/08\/319-thickbox_default-Paix-Gerbe-piquee97787_nobg-100x100.png",100,100,true],"variation_swatches_image_size":["https:\/\/fleurs-guadeloupe.com\/wp-content\/uploads\/2021\/08\/319-thickbox_default-Paix-Gerbe-piquee97787_nobg-50x50.png",50,50,true],"variation_swatches_tooltip_size":["https:\/\/fleurs-guadeloupe.com\/wp-content\/uploads\/2021\/08\/319-thickbox_default-Paix-Gerbe-piquee97787_nobg-100x100.png",100,100,true],"quick_view_image_size":["https:\/\/fleurs-guadeloupe.com\/wp-content\/uploads\/2021\/08\/319-thickbox_default-Paix-Gerbe-piquee97787_nobg.png",450,450,false],"yith-woocompare-image":["https:\/\/fleurs-guadeloupe.com\/wp-content\/uploads\/2021\/08\/319-thickbox_default-Paix-Gerbe-piquee97787_nobg-220x154.png",220,154,true]},"uagb_author_info":{"display_name":"admin","author_link":"https:\/\/fleurs-guadeloupe.com\/index.php\/author\/"},"uagb_comment_info":0,"uagb_excerpt":"Gerbe piqu\u00e9e de fleurs tropicales","jetpack_sharing_enabled":true,"_links":{"self":[{"href":"https:\/\/fleurs-guadeloupe.com\/index.php\/wp-json\/wp\/v2\/product\/2531","targetHints":{"allow":["GET"]}}],"collection":[{"href":"https:\/\/fleurs-guadeloupe.com\/index.php\/wp-json\/wp\/v2\/product"}],"about":[{"href":"https:\/\/fleurs-guadeloupe.com\/index.php\/wp-json\/wp\/v2\/types\/product"}],"replies":[{"embeddable":true,"href":"https:\/\/fleurs-guadeloupe.com\/index.php\/wp-json\/wp\/v2\/comments?post=2531"}],"wp:featuredmedia":[{"embeddable":true,"href":"https:\/\/fleurs-guadeloupe.com\/index.php\/wp-json\/wp\/v2\/media\/2661"}],"wp:attachment":[{"href":"https:\/\/fleurs-guadeloupe.com\/index.php\/wp-json\/wp\/v2\/media?parent=2531"}],"wp:term":[{"taxonomy":"product_brand","embeddable":true,"href":"https:\/\/fleurs-guadeloupe.com\/index.php\/wp-json\/wp\/v2\/product_brand?post=2531"},{"taxonomy":"product_cat","embeddable":true,"href":"https:\/\/fleurs-guadeloupe.com\/index.php\/wp-json\/wp\/v2\/product_cat?post=2531"},{"taxonomy":"product_tag","embeddable":true,"href":"https:\/\/fleurs-guadeloupe.com\/index.php\/wp-json\/wp\/v2\/product_tag?post=2531"}],"curies":[{"name":"wp","href":"https:\/\/api.w.org\/{rel}","templated":true}]}}